te the highest common factor of 636 and 84.
12
Calculate the highest common divisor of 29 and 10121.
29
Calculate the highest common divisor of 304 and 19.
19
What is the greatest common factor of 12 and 12?
12
Calculate the highest common factor of 84 and 816.
12
Calculate the greatest common divisor of 36 and 27396.
36
What is the highest common divisor of 5 and 265?
5
What is the highest common divisor of 270 and 3150?
90
Calculate the greatest common factor of 1038 and 12.
6
Calculate the greatest common factor of 3 and 1713.
3
What is the highest common factor of 1245 and 15?
15
What is the greatest common divisor of 1785 and 385?
35
What is the greatest common divisor of 165 and 99?
33
Calculate the greatest common divisor of 21938 and 14.
14
Calculate the highest common factor of 224 and 52192.
224
Calculate the greatest common factor of 363 and 165.
33
Calculate the greatest common divisor of 34 and 1462.
34
Calculate the greatest common factor of 1140 and 6156.
228
Calculate the highest common factor of 154 and 42.
14
What is the highest common factor of 520 and 572?
52
Calculate the greatest common factor of 810 and 378.
54
Calculate the highest common factor of 10 and 160.
10
Calculate the greatest common factor of 216 and 376.
8
What is the highest common factor of 56 and 4816?
56
Calculate the greatest common divisor of 944 and 59.
59
Calculate the highest common divisor of 6 and 13974.
6
What is the greatest common factor of 168 and 546?
42
What is the highest common factor of 175 and 625?
25
Calculate the greatest common factor of 364 and 416.
52
Calculate the greatest common factor of 6443 and 34.
17
Calculate the greatest common factor of 423 and 36.
9
Calculate the highest common divisor of 38 and 874.
38
What is the greatest common divisor of 4270 and 70?
70
What is the highest common divisor of 69 and 1840?
23
Calculate the greatest common factor of 12 and 12.
12
Calculate the greatest common factor of 4031 and 695.
139
What is the greatest common factor of 328 and 41?
41
What is the greatest common divisor of 237 and 1501?
79
Calculate the greatest common divisor of 7 and 22393.
7
Calculate the highest common divisor of 1540 and 198.
22
What is the greatest common factor of 115 and 6693?
23
What is the greatest common factor of 5 and 655?
5
What is the highest common factor of 72 and 288?
72
Calculate the highest common factor of 3596 and 1392.
116
What is the highest common factor of 1577 and 166?
83
Calculate the highest common divisor of 32 and 1328.
16
Calculate the highest common factor of 1045 and 55.
55
What is the greatest common factor of 66 and 495?
33
Calculate the greatest common factor of 234 and 54.
18
Calculate the highest common factor of 945 and 280.
35
What is the highest common factor of 24348 and 12?
12
Calculate the highest common divisor of 51 and 12.
3
What is the greatest common factor of 430 and 20?
10
Calculate the highest common divisor of 1340 and 10.
10
What is the highest common divisor of 20 and 50?
10
What is the greatest common factor of 18 and 3798?
18
Calculate the highest common divisor of 4140 and 180.
180
Calculate the highest common divisor of 109 and 981.
109
Calculate the highest common divisor of 50 and 1475.
25
What is the greatest common factor of 308 and 264?
44
What is the greatest common factor of 810 and 990?
90
Calculate the greatest common divisor of 160 and 6250.
10
What is the greatest common divisor of 120 and 28?
4
Calculate the greatest common factor of 13805 and 15.
5
Calculate the highest common divisor of 55 and 253.
11
What is the highest common divisor of 30 and 465?
15
What is the highest common factor of 819 and 39?
39
Calculate the greatest common factor of 20 and 70.
10
What is the greatest common divisor of 56 and 3472?
56
Calculate the greatest common divisor of 1728 and 180.
36
What is the highest common divisor of 180 and 252?
36
What is the highest common factor of 10 and 8?
2
Calculate the greatest common factor of 121 and 1331.
121
Calculate the greatest common factor of 1750 and 56.
14
Calculate the greatest common divisor of 399 and 231.
21
What is the highest common divisor of 3 and 123?
3
What is the highest common divisor of 144 and 2088?
72
Calculate the highest common divisor of 26 and 494.
26
Calculate the highest common divisor of 190 and 40.
10
What is the highest common factor of 146 and 23579?
73
Calculate the highest common factor of 22 and 1221.
11
What is the highest common factor of 483 and 609?
21
What is the highest common factor of 603 and 67?
67
Calculate the greatest common divisor of 42 and 189.
21
Calculate the greatest common divisor of 28 and 196.
28
Calculate the highest common factor of 1353 and 66.
33
Calculate the highest common divisor of 58 and 3886.
58
What is the greatest common factor of 14 and 644?
14
Calculate the greatest common factor of 7420 and 420.
140
Calculate the highest common divisor of 385 and 187.
11
Calculate the highest common divisor of 268 and 4.
4
What is the highest common divisor of 976 and 61?
61
What is the highest common divisor of 7 and 1099?
7
What is the highest common factor of 24 and 444?
12
Calculate the highest common factor of 773 and 2.
1
Calculate the highest common divisor of 468 and 36.
36
Calculate the greatest common factor of 180 and 846.
18
What is the greatest common factor of 10 and 430?
10
Calculate the greatest common divisor of 22 and 550.
22
Calculate the greatest common factor of 3315 and 612.
51
Calculate the highest common factor of 544 and 16.
16
What is the highest common factor of 111 and 21?
3
What is the greatest common divisor of 1763 and 164?
41
Calculate the greatest common factor of 162 and 189.
27
Calculate the highest common factor of 210 and 21.
21
Calculate the highest common divisor of 304 and 2512.
16
Calculate the highest common divisor of 18 and 774.
18
Calculate the highest common divisor of 6207 and 3.
3
What is the greatest common divisor of 1566 and 58?
58
What is the highest common divisor of 3479 and 142?
71
Calculate the highest common divisor of 44748 and 36.
36
Calculate the greatest common divisor of 23 and 8487.
23
Calculate the highest common factor of 48 and 4992.
48
What is the greatest common divisor of 1342 and 22?
22
Calculate the highest common factor of 13 and 611.
13
What is the highest common factor of 42 and 84?
42
Calculate the greatest common factor of 16 and 12112.
16
What is the greatest common factor of 368 and 128?
16
Calculate the greatest common divisor of 207 and 1127.
23
What is the highest common factor of 7 and 1?
1
What is the highest common factor of 2032 and 16?
16
What is the highest common divisor of 84 and 2100?
84
Calculate the greatest common divisor of 1192 and 16.
8
Calculate the greatest common factor of 168 and 3752.
56
Calculate the highest common factor of 875 and 56.
7
Calculate the highest common factor of 1 and 53.
1
Calculate the greatest common factor of 1320 and 704.
88
Calculate the greatest common divisor of 43 and 43.
43
What is the highest common factor of 1551 and 3525?
141
What is the greatest common divisor of 105 and 345?
15
Calculate the highest common divisor of 1988 and 28.
28
Calculate the highest common factor of 1210 and 2310.
110
What is the highest common divisor of 792 and 18744?
264
Calculate the highest common divisor of 3212 and 6716.
292
What is the greatest common divisor of 736 and 23?
23
What is the greatest common divisor of 56 and 63?
7
What is the highest common factor of 218 and 4?
2
What is the greatest common factor of 125 and 3?
1
Calculate the highest common divisor of 11 and 803.
11
Calculate the highest common divisor of 171 and 147.
3
What is the greatest common divisor of 151 and 13137?
151
Calculate the highest common divisor of 469 and 14.
7
What is the highest common divisor of 51 and 99?
3
Calculate the highest common factor of 10179 and 117.
117
What is the greatest common divisor of 22 and 99?
11
What is the greatest common factor of 481 and 13?
13
What is the highest common divisor of 2109 and 513?
57
What is the highest common factor of 116 and 8178?
58
What is the highest common divisor of 2171 and 13?
13
What is the highest common factor of 3429 and 12